= -5*g + 3*s, -3*g - 5*s + 269 = 0. Calculate the remainder when 435 is divided by g.
83
Calculate the remainder when 415 is divided by 19 + (-1 + 10 - (-6 + 13)).
16
Let f be (1017/3*1)/1. Suppose 4*k - 4*x + 1840 = 0, 0 = 5*k + 3*x + 2607 - f. What is the remainder when (-6)/21 - k/28 is divided by 6?
4
Let r = 123 + -57. Let f(w) = 2*w**3 - 33*w**2 + 20*w - 29. What is the remainder when r is divided by f(16)?
31
Let q = -670 + 711. Let i(b) = b + 2. What is the remainder when q is divided by i(5)?
6
Suppose 22*g = 34*g - 1236. Calculate the remainder when g is divided by 31.
10
Let d be -2 + 1 - (-2)/(-2). Calculate the remainder when 38*(-3)/4*d is divided by (-642)/(-42) + 6/(-21).
12
Suppose b = -2*i + 63, 4*i - 5*b = -33 + 180. Calculate the remainder when 128 is divided by i.
29
Calculate the remainder when 463 is divided by (1 - (-3)/(-12))/(2/248).
91
Let u(p) = -p**3 + 11*p**2 - 9*p - 7. Let h(c) = -6*c + 2. Let j be h(-3). Let f = -13 + j. Calculate the remainder when f is divided by u(10).
1
Suppose -4*g - 1280 = 4*f, 3*f - 1320 = 4*g - f. Let t = 464 + g. Suppose 3*m - t = -22. What is the remainder when m is divided by 21?
18
Calculate the remainder when 64 is divided by 4/(-114)*3 + (-31006)/(-703).
20
Let f(t) be the first derivative of t**3/3 - t**2/2 - 22*t - 1. Let l = 67 - 37. What is the remainder when l is divided by f(6)?
6
Suppose -6*w + 2*r = -5*w - 15, 0 = -3*r. Let n = -12 - -35. Let q = n - -18. Calculate the remainder when q is divided by w.
11
Let c(i) = -i + 7. Let v(n) = 3*n**3 - 2*n**2 - 5*n - 4. Let u(g) = -g**3 + g. Let z(d) = -2*u(d) - v(d). What is the remainder when z(3) is divided by c(5)?
0
Suppose -l = 2*a - 607 - 2602, -4*a = -2*l + 6450. Calculate the remainder when l is divided by 29.
27
Suppose 0 = -3*t + 2*n - 583 + 2429, t = -3*n + 619. What is the remainder when t is divided by 153?
4
Let z = 36 + -33. Suppose 0 = -z*f + 70 + 104. What is the remainder when f is divided by 30?
28
Suppose -4*u + 3*u = 0. Let i = -14 - u. Calculate the remainder when 17 is divided by (1/3)/(i/(-126)).
2
Suppose 3*g = 5*b + 17, -2*b = g - 5*g + 46. Suppose 0 = -3*i + g - 2. Calculate the remainder when i/(-3 - (-88)/28) is divided by 15.
13
Let z be (0 - 1)/((-1)/5). Suppose 3*m + z*h - 40 = 0, 3*m - h + 29 = 5*m. Calculate the remainder when 72 is divided by m.
12
Let d = -110 + 173. Let y(i) = -i**3 - 21*i**2 + 21*i - 21. Let v be y(-22). What is the remainder when d is divided by 16*(-4 - -5)*v?
15
Let h = 37 - 40. Calculate the remainder when 145 is divided by ((-296)/(-16))/(h + 7/2).
34
Let h = 570 - 174. Calculate the remainder when h is divided by 16.
12
Let n be (0/2 - -1)*8. Let l(x) = x**2 + 256*x - 5 + 260*x - 520*x. Calculate the remainder when l(n) is divided by 14.
13
Suppose -7*d - 6*d = -208. Calculate the remainder when 16 is divided by d.
0
Let y(z) = 3*z**2 - 2*z + 4. Let t(l) = l**3 - 6*l**2 + 6*l + 5. Let n be t(7). Suppose 0 = o - 3 - n. Calculate the remainder when o is divided by y(3).
24
What is the remainder when (-4)/(-54) - (-7336)/108 is divided by 15?
8
Suppose -8 + 1 = -h. Let w = 21 + -11. Let b = h + w. What is the remainder when b is divided by 10?
7
Let w = -1 + -3. Let c be 1861/9 + w/(-18). Let q = 313 - c. Calculate the remainder when q is divided by 27.
25
Let t = -31 + 39. Let q = -3 + 9. Suppose -16 = -n + q. What is the remainder when n is divided by t?
6
Suppose -2*d = -6*a + a + 3, -13 = 3*d + a. Let v = -1 - d. Let x(i) = 5*i**2 - 4*i - 1. What is the remainder when x(v) is divided by 11?
10
Let j(c) = 28*c + 491. What is the remainder when j(-13) is divided by 64?
63
Let g be 1/(-15)*3 + 42/10. Suppose 3*h - y - y = 219, 0 = -g*h - 2*y + 306. Calculate the remainder when h is divided by 26.
23
Calculate the remainder when 541 is divided by 2/21 + 9148/84.
105
Suppose 0 = -62*x + 71*x - 6354. What is the remainder when x is divided by 7?
6
What is the remainder when 48/128 + (-2343)/(-24) is divided by 11?
10
Let f(o) = o**2 + 7*o - 13. What is the remainder when (62/(-6))/(1/(-3)) is divided by f(-10)?
14
Suppose -29*n = -10*n - 665. What is the remainder when n is divided by 6?
5
Let t be (-21)/7*(-49 + 2). Suppose 2*i = -i + t. Calculate the remainder when i is divided by 16.
15
What is the remainder when (0 - -348)/(-1)*(0 - 1) is divided by 44?
40
Suppose 2*p - 266 = 17*s - 22*s, 5*s + p = 268. Calculate the remainder when s is divided by 5.
4
Let x = 12 + -7. Suppose 0 = -4*y - 3*t + 321 - 92, 4*y - 3*t - 211 = 0. What is the remainder when y is divided by ((-4)/x)/(4/(-70))?
13
Suppose -5*a + 5*l + 65 = 0, 3*a + 2 = -l + 49. Let k(q) = 17*q**2 + 2. Calculate the remainder when k(-2) is divided by a.
10
Suppose 44*g = 10*g + 11322. What is the remainder when g is divided by 12?
9
Let w = 948 + -823. What is the remainder when w is divided by 32?
29
Let m = 180 + -155. Suppose -f = -4*y + 35, 9*y - 8*y - m = -3*f. Suppose -4*h = -h - 84. Calculate the remainder when h is divided by y.
8
Suppose 6*s - 71 = 133. What is the remainder when 59 is divided by s?
25
Suppose 4*j + 3*k - 103 = 0, -k + 63 = 3*j - 18. Suppose 24 = 4*i - j. Let n = -4038 - -4045. What is the remainder when i is divided by n?
6
Let g be (2 - (3 - -2)) + 7. Let b(f) = 3 - 3 - g*f + 1. Calculate the remainder when 35 is divided by b(-2).
8
Let k(s) = 3*s**2 + 23*s - 15. What is the remainder when k(-17) is divided by 118?
107
Let n = -142 + 147. Calculate the remainder when 13 is divided by n.
3
Let p(f) = f**2 - 9*f - 4. Let a be p(10). Suppose 3*h - 171 = -a*m + 2*m, 3*h = 5*m + 198. Calculate the remainder when h is divided by 21.
19
Let l = -1339 - -1695. Calculate the remainder when l is divided by 20.
16
Let y be 562 + 2*(-2 - (-3 - 0)). Suppose -o + 430 = 3*l, -l = 3*l - o - y. Calculate the remainder when l is divided by 29.
26
Suppose -4*n = -5*n + 12. What is the remainder when 43 is divided by n?
7
Suppose 2*n - 2*o + 4*o - 8 = 0, -4*n + 32 = -4*o. Suppose -5*d = 4*l - 17, 3*l - 2*d - 10 = -3*d. What is the remainder when n is divided by l?
0
Suppose 4*i - 3*t - 65 = 0, -21*i - 2*t + 8 = -20*i. What is the remainder when 104 is divided by i?
6
Suppose -19 = -a + 18. Let u be (-1)/(-1)*(4 - 0). Suppose 0 = u*r - 4 - 72. Calculate the remainder when a is divided by r.
18
Suppose -278 = -44*o + 2714. What is the remainder when 200 is divided by o?
64
Calculate the remainder when 10985/39*((-12)/15 - -2) is divided by 25.
13
Let i = 627 + -371. Suppose 84 + i = 5*y. Let d = 5 - -18. Calculate the remainder when y is divided by d.
22
Calculate the remainder when -4 + (-1194)/9*(-36)/24 is divided by 49.
48
Let d(y) = 18*y + 1. Suppose 11*n + 5*p - 61 = 10*n, 5*n = 2*p + 278. Calculate the remainder when d(6) is divided by n.
53
Suppose 3*r + 4*m - 5 - 14 = 0, -4*m - 20 = 0. Calculate the remainder when 1051 is divided by r.
11
Suppose 23*h - 25*h = 2*b - 120, 0 = -2*h - 4*b + 130. What is the remainder when h is divided by 12?
7
Suppose 2*k + 0*w - 168 = -5*w, 0 = -2*k - 2*w + 180. Suppose -97*a + 861 = -k*a. Calculate the remainder when a is divided by 48.
47
Suppose 0 = -105*c + 110*c - 20. Let l = -7 + 8. What is the remainder when c is divided by l?
0
Let o(w) be the third derivative of w**5/30 + 49*w**4/24 - 5*w**3/2 + 2*w**2 - 1. What is the remainder when 48 is divided by o(-25)?
8
Let y = 19 - -2. Suppose -2*t = 3*n + 50, 2*n - 7*n - 50 = -5*t. Let l(h) = -3*h - 31. What is the remainder when y is divided by l(n)?
10
Let r = -24 + 16. Let v be (-60)/(-5)*46/r. Let x = v + 139. Calculate the remainder when x is divided by 18.
16
Calculate the remainder when (-36)/5*(12 - 22) is divided by (-5 - 76/(-16)) + 77/4.
15
Suppose -3*q - 62 = -4*q. What is the remainder when 245 is divided by q?
59
Let l(t) = 39*t - 1. Let x(w) = w**3 - 3*w**2 + 4*w - 8. Let j be x(4). What is the remainder when l(1) is divided by 2/4 + 228/j?
8
Let c(h) = h**3 - 15*h**2 - 16*h - 22. Let b be c(16). Let n = 33 + b. Calculate the remainder when 31 is divided by n.
9
Let r(s) = -13*s - 18. Suppose 0*u = -2*u + 246. Suppose y + 2*y = u. What is the remainder when y is divided by r(-3)?
20
Suppose 2*s - 4 = 20. Calculate the remainder when 12 + (-36)/(-4) + -1 is divided by s.
8
Let k(a) be the third deriv